 greatest common divisor of 2 and 623.
1
What is the highest common divisor of 117 and 2223?
117
Calculate the highest common factor of 56 and 88.
8
What is the greatest common divisor of 360 and 630?
90
What is the highest common divisor of 12 and 57?
3
Calculate the highest common factor of 2 and 4.
2
Calculate the highest common factor of 190 and 418.
38
What is the greatest common factor of 68 and 459?
17
Calculate the highest common divisor of 3003 and 99.
33
Calculate the greatest common divisor of 70 and 154.
14
What is the greatest common factor of 5704 and 8?
8
Calculate the highest common factor of 136 and 8.
8
Calculate the greatest common divisor of 24 and 8176.
8
Calculate the highest common factor of 1628 and 44.
44
What is the highest common factor of 44 and 660?
44
What is the greatest common divisor of 455 and 420?
35
Calculate the highest common factor of 2037 and 97.
97
What is the greatest common divisor of 1034 and 418?
22
Calculate the greatest common divisor of 9 and 144.
9
What is the greatest common factor of 510 and 6205?
85
Calculate the highest common factor of 8 and 2488.
8
What is the greatest common factor of 146 and 365?
73
What is the highest common divisor of 10 and 40?
10
Calculate the greatest common factor of 128 and 112.
16
Calculate the greatest common factor of 12 and 196.
4
Calculate the highest common factor of 14 and 2807.
7
What is the greatest common divisor of 296 and 13024?
296
What is the highest common factor of 116 and 7859?
29
What is the greatest common factor of 2058 and 5782?
98
What is the highest common factor of 60 and 30?
30
Calculate the highest common divisor of 462 and 44.
22
Calculate the greatest common factor of 182 and 26.
26
Calculate the greatest common divisor of 110 and 8690.
110
What is the highest common factor of 336 and 16968?
168
Calculate the highest common divisor of 165 and 33.
33
What is the highest common factor of 27 and 24?
3
What is the highest common factor of 451 and 11?
11
Calculate the highest common factor of 23 and 621.
23
What is the greatest common divisor of 9 and 37413?
9
What is the greatest common factor of 256 and 48?
16
Calculate the highest common factor of 1122 and 330.
66
Calculate the greatest common factor of 604 and 12.
4
What is the greatest common divisor of 696 and 2712?
24
Calculate the highest common divisor of 1 and 23.
1
What is the greatest common divisor of 29 and 4901?
29
Calculate the greatest common divisor of 168 and 224.
56
What is the highest common factor of 104 and 8?
8
Calculate the highest common divisor of 12 and 9.
3
Calculate the highest common divisor of 21 and 336.
21
Calculate the greatest common factor of 4512 and 846.
282
Calculate the highest common divisor of 707 and 28.
7
What is the highest common factor of 81 and 171?
9
What is the highest common factor of 32 and 352?
32
Calculate the greatest common divisor of 249 and 1743.
249
Calculate the greatest common factor of 17799 and 51.
51
What is the greatest common divisor of 35 and 230?
5
Calculate the greatest common divisor of 24 and 276.
12
Calculate the highest common divisor of 150 and 170.
10
What is the highest common factor of 177 and 34279?
59
Calculate the greatest common divisor of 67 and 2747.
67
Calculate the greatest common factor of 26 and 36283.
13
What is the highest common factor of 680 and 4?
4
Calculate the highest common divisor of 93 and 155.
31
Calculate the highest common factor of 9 and 9.
9
Calculate the greatest common divisor of 2582 and 10.
2
What is the highest common divisor of 25 and 850?
25
Calculate the highest common divisor of 32 and 10.
2
Calculate the greatest common divisor of 59 and 236.
59
Calculate the highest common divisor of 297 and 81.
27
Calculate the greatest common divisor of 10023 and 39.
39
What is the greatest common factor of 12 and 64?
4
What is the highest common divisor of 391 and 17?
17
What is the highest common factor of 4956 and 84?
84
What is the greatest common factor of 126 and 90?
18
What is the highest common factor of 6 and 10?
2
Calculate the greatest common divisor of 369 and 1025.
41
Calculate the highest common divisor of 4171 and 301.
43
What is the highest common factor of 14 and 175?
7
Calculate the highest common divisor of 102 and 6460.
34
What is the greatest common factor of 1328 and 16?
16
What is the greatest common divisor of 1040 and 195?
65
Calculate the highest common divisor of 116 and 3712.
116
Calculate the greatest common factor of 240 and 405.
15
Calculate the greatest common factor of 8138 and 78.
26
Calculate the highest common factor of 1313 and 52.
13
What is the highest common divisor of 101 and 505?
101
Calculate the highest common factor of 2718 and 36.
18
What is the highest common divisor of 1728 and 32?
32
What is the greatest common factor of 9 and 281?
1
What is the highest common factor of 12 and 624?
12
Calculate the greatest common divisor of 243 and 33291.
243
Calculate the greatest common divisor of 46 and 21804.
46
What is the greatest common factor of 96 and 38?
2
What is the highest common divisor of 114 and 190?
38
Calculate the highest common factor of 460 and 20.
20
What is the highest common divisor of 141 and 611?
47
What is the greatest common factor of 192 and 12?
12
Calculate the greatest common factor of 100 and 40.
20
Calculate the highest common factor of 69 and 299.
23
What is the greatest common divisor of 13 and 21216?
13
Calculate the greatest common divisor of 2552 and 406.
58
Calculate the greatest common divisor of 122 and 549.
61
What is the greatest common divisor of 7 and 952?
7
What is the greatest common factor of 26 and 832?
26
Calculate the greatest common divisor of 37 and 481.
37
What is the greatest common factor of 1820 and 26?
26
Calculate the greatest common factor of 119 and 7.
7
Calculate the greatest common divisor of 5064 and 8.
8
What is the highest common factor of 3072 and 120?
24
Calculate the greatest common factor of 22374 and 44.
22
Calculate the highest common factor of 1184 and 24.
8
What is the highest common factor of 90 and 2934?
18
What is the greatest common factor of 500 and 20?
20
What is the highest common divisor of 2877 and 777?
21
What is the greatest common factor of 61 and 9943?
61
Calculate the highest common divisor of 11656 and 744.
248
What is the highest common divisor of 123 and 697?
41
What is the greatest common factor of 9180 and 100?
20
What is the highest common divisor of 40 and 1?
1
What is the highest common factor of 7326 and 12?
6
Calculate the highest common divisor of 11 and 451.
11
Calculate the greatest common factor of 3498 and 6.
6
Calculate the highest common factor of 639 and 18.
9
Calculate the greatest common factor of 88 and 814.
22
What is the highest common divisor of 637 and 980?
49
Calculate the highest common factor of 330 and 1680.
30
What is the greatest common factor of 327 and 17876?
109
Calculate the greatest common factor of 296 and 16.
8
What is the highest common divisor of 1096 and 13974?
274
Calculate the highest common divisor of 371 and 4187.
53
Calculate the highest common divisor of 12028 and 496.
124
What is the highest common factor of 817 and 344?
43
What is the highest common factor of 20 and 12715?
5
Calculate the greatest common divisor of 16 and 188.
4
What is the greatest common factor of 16 and 712?
8
What is the highest common divisor of 53 and 6360?
53
Calculate the greatest common factor of 2046 and 4.
2
Calculate the highest common divisor of 156 and 12.
12
Calculate the greatest common divisor of 80 and 20.
20
Calculate the greatest common divisor of 2976 and 279.
93
What is the greatest common factor of 217 and 2?
1
Calculate the highest common divisor of 105 and 390.
15
What is the greatest common factor of 5130 and 243?
27
Calculate the greatest common factor of 675 and 11025.
225
Calculate the greatest common factor of 26 and 247.
13
Calculate the greatest common divisor of 306 and 1326.
102
What is the greatest common divisor of 1125 and 50?
25
Calculate the greatest common factor of 42 and 12579.
21
What is the highest common factor of 45 and 63?
9
What is the highest common factor of 261 and 348?
87
What is the greatest common fact